ens digit of 14925?
2
What is the units digit of 10297?
7
What is the units digit of 1063?
3
What is the ten thousands digit of 17840?
1
What is the hundreds digit of 34201?
2
What is the thousands digit of 5770?
5
What is the units digit of 231?
1
What is the tens digit of 2070?
7
What is the thousands digit of 5450?
5
What is the ten thousands digit of 65250?
6
What is the hundreds digit of 713?
7
What is the thousands digit of 1318?
1
What is the tens digit of 11625?
2
What is the hundreds digit of 672?
6
What is the units digit of 6987?
7
What is the hundreds digit of 7632?
6
What is the hundreds digit of 11410?
4
What is the thousands digit of 4054?
4
What is the hundreds digit of 5343?
3
What is the tens digit of 61629?
2
What is the hundreds digit of 949?
9
What is the units digit of 988?
8
What is the units digit of 2769?
9
What is the units digit of 7596?
6
What is the hundreds digit of 3253?
2
What is the hundreds digit of 5036?
0
What is the thousands digit of 22380?
2
What is the tens digit of 134?
3
What is the tens digit of 331?
3
What is the hundreds digit of 3662?
6
What is the units digit of 5252?
2
What is the hundreds digit of 51243?
2
What is the units digit of 7333?
3
What is the hundreds digit of 9634?
6
What is the thousands digit of 1566?
1
What is the hundreds digit of 1903?
9
What is the hundreds digit of 65695?
6
What is the hundreds digit of 866?
8
What is the thousands digit of 21529?
1
What is the units digit of 7751?
1
What is the tens digit of 128108?
0
What is the thousands digit of 9279?
9
What is the units digit of 9713?
3
What is the ten thousands digit of 57171?
5
What is the hundreds digit of 3787?
7
What is the hundreds digit of 44356?
3
What is the thousands digit of 16593?
6
What is the units digit of 10607?
7
What is the hundreds digit of 159?
1
What is the hundreds digit of 1231?
2
What is the hundreds digit of 1922?
9
What is the ten thousands digit of 25521?
2
What is the ten thousands digit of 67630?
6
What is the tens digit of 26816?
1
What is the units digit of 335?
5
What is the thousands digit of 18267?
8
What is the thousands digit of 4306?
4
What is the thousands digit of 2137?
2
What is the tens digit of 475?
7
What is the units digit of 9712?
2
What is the units digit of 14777?
7
What is the tens digit of 427?
2
What is the hundreds digit of 3293?
2
What is the thousands digit of 19871?
9
What is the hundreds digit of 35927?
9
What is the tens digit of 67?
6
What is the units digit of 1403?
3
What is the ten thousands digit of 29459?
2
What is the thousands digit of 4123?
4
What is the hundreds digit of 12569?
5
What is the thousands digit of 7941?
7
What is the ten thousands digit of 33521?
3
What is the hundreds digit of 65409?
4
What is the ten thousands digit of 175436?
7
What is the units digit of 1872?
2
What is the hundreds digit of 2286?
2
What is the tens digit of 27740?
4
What is the thousands digit of 72508?
2
What is the units digit of 499?
9
What is the hundreds digit of 6389?
3
What is the hundreds digit of 61777?
7
What is the thousands digit of 4476?
4
What is the units digit of 1204?
4
What is the units digit of 5549?
9
What is the tens digit of 6494?
9
What is the tens digit of 3162?
6
What is the thousands digit of 1149?
1
What is the tens digit of 344?
4
What is the hundreds digit of 627?
6
What is the hundreds digit of 1263?
2
What is the hundreds digit of 8567?
5
What is the ten thousands digit of 22296?
2
What is the tens digit of 7420?
2
What is the units digit of 2786?
6
What is the thousands digit of 1797?
1
What is the hundreds digit of 58380?
3
What is the tens digit of 1628?
2
What is the thousands digit of 11348?
1
What is the thousands digit of 2561?
2
What is the hundreds digit of 4271?
2
What is the tens digit of 22834?
3
What is the units digit of 53849?
9
What is the units digit of 845?
5
What is the units digit of 579?
9
What is the hundreds digit of 6700?
7
What is the hundreds digit of 1331?
3
What is the thousands digit of 4731?
4
What is the thousands digit of 50550?
0
What is the units digit of 597?
7
What is the tens digit of 5023?
2
What is the units digit of 69652?
2
What is the units digit of 6775?
5
What is the hundreds digit of 1936?
9
What is the units digit of 5568?
8
What is the hundreds digit of 543?
5
What is the hundreds digit of 830?
8
What is the hundreds digit of 3675?
6
What is the units digit of 1705?
5
What is the units digit of 2772?
2
What is the ten thousands digit of 24988?
2
What is the units digit of 15599?
9
What is the tens digit of 697?
9
What is the units digit of 21?
1
What is the units digit of 1104?
4
What is the tens digit of 229?
2
What is the thousands digit of 2630?
2
What is the units digit of 43111?
1
What is the hundreds digit of 31814?
8
What is the hundreds digit of 1616?
6
What is the hundreds digit of 456?
4
What is the hundreds digit of 5218?
2
What is the units digit of 11693?
3
What is the thousands digit of 29393?
9
What is the tens digit of 70077?
7
What is the tens digit of 6937?
3
What is the tens digit of 1630?
3
What is the thousands digit of 5327?
5
What is the thousands digit of 1798?
1
What is the hundreds digit of 111?
1
What is the thousands digit of 9749?
9
What is the tens digit of 52?
5
What is the ten thousands digit of 57417?
5
What is the hundreds digit of 1165?
1
What is the tens digit of 32568?
6
What is the tens digit of 36894?
9
What is the units digit of 629?
9
What is the ten thousands digit of 16849?
1
What is the units digit of 950?
0
What is the hundreds digit of 5443?
4
What is the hundreds digit of 1658?
6
What is the tens digit of 6728?
2
What is the tens digit of 67464?
6
What is the tens digit of 171?
7
What is the ten thousands digit of 41179?
4
What is the tens digit of 962?
6
What is the thousands digit of 1093?
1
What is the units digit of 2017?
7
What is the tens digit of 101963?
6
What is the units digit of 163?
3
What is the units digit of 411?
1
What is the ten thousands digit of 18625?
1
What is the thousands digit of 3820?
3
What is the thousands digit of 42480?
2
What is the thousands digit of 78685?
8
What is the thousands digit of 1552?
1
What is the thousands digit of 3240?
3
What is the tens digit of 38936?
3
What is the units digit of 4768?
8
What is the thousands digit of 8572?
8
What is the tens digit of 40642?
4
What is the tens digit of 2840?
4
What is the units digit of 5963?
3
What is the thousands digit of 3636?
3
What is the units digit of 1142?
2
What is the hundreds digit of 18718?
7
What is the tens digit of 988?
8
What is the tens digit of 1084?
8
What is the units digit of 3986?
6
What is the hundreds digit of 2808?
8
What is the units digit of 35?
5
What is the tens digit of 544?
4
What is the tens digit of 589?
8
What is the tens digit of 9293?
9
What is the units digit of 7450?
0
What is the hundreds digit of 847?
8
What is the units digit of 1450?
0
What is the hundreds digit of 531?
5
What is the units digit of 30871?
1
What is the thousands digit of 3547?
3
What is the units digit of 9226?
6
What is the hundreds digit of 1975?
9
What is the thousands digit of 3920?
3
What is the units digit of 818?
8
What is the tens digit of 53756?
5
What is the units digit of 687?
7
What is the units digit of 1032?
2
What is the ten thousands digit of 23827?
2
What is the units digit of 318?
8
What is the tens digit of 8519?
1
What is the thousands digit of 1406?
1
What is the tens digit of 16069?
6
What is the thousands digit of 81947?
1
What is the hundreds digit of 261?
2
What is the tens digit of 141506?
0
What is the tens digit of 3941?
4
What is the hundreds digit of 18019?
0
What is the tens digit of 290?
9
What is the tens digit of 684?
8
What is the hundreds digit of 26117?
1
What is the tens digit of 1618?
1
What is the tens digit of 380?
8
What is the hundreds digit of 112?
1
What is the tens digit of 2220?
2
What is the thousands digit of 15216?
5
What is the thousands digit of 4753?
4
What is the units digit of 9570?
0
What is the thousands digit of 2832?
2
What is the ten thousands digit of 43960?
4
What is the hundreds digit of 2285?
2
What is the thousands digit of 15077?
5
What is the units digit of 62432?
2
What is the tens digit of 